13) - (-1 + -1 + 3)
-3
Evaluate (-101 + 97 - (1 + -9)) + -11.
-7
What is the value of (13 - 2) + 14 + (28 - 36)?
17
What is (-29 - -19) + 28 + 8?
26
-2 - -14 - 3 - (97 - 94)
6
Calculate 8 + -3 + 6 + 5 + -8.
8
Evaluate -9 + (-12 - -17) + (-4 - -5) + 0.
-3
What is 100 + -80 - (-2 + 1)?
21
What is -1 + (-7 - 5) - -11?
-2
What is (-7 - -1 - -10) + -16 + 1?
-11
Calculate -7 + (-17 - 10) - -19.
-15
Calculate (161 - 173) + (-1 - 0) - -9.
-4
What is the value of -1 + 5 + -260 + 255?
-1
What is 6 + (-3 - (-39 + 59))?
-17
What is the value of (-5 - 10) + 27 - 11?
1
Calculate (-11 - -4) + (-3 + 3 - (-17 + 11)).
-1
What is the value of -29 + 30 - (7 + 2) - -25?
17
What is the value of (15 - (-2 + 0)) + (10 - 7) - 4?
16
Calculate 8 - (-9 + (-19 - -11)).
25
Evaluate 10 + 0 + (-51 - -53).
12
What is -24 - (-1 + -31 + -6)?
14
What is 18 - (40 + (18 - 8 - 13))?
-19
195 - 166 - (0 + 3 + 8)
18
What is the value of -10 + 0 + (4 - 7 - -43) + -3?
27
Calculate 5 - (-6 + (10 - 13 - -2) + -3).
15
Evaluate 14 - ((-96 - -92 - (0 + 6)) + 1).
23
What is -13 + 0 - (49 + -46)?
-16
(0 - 9) + (-11 - -7) + -4
-17
(5 - 6) + 7 - (1 + 19)
-14
Evaluate 7 + (-3 + -16 - 16).
-28
What is (-10 - -8) + (0 - 9)?
-11
What is (-25 - -15) + -1 + -5 + 4 + -9?
-21
Calculate 0 + (43 - 0) - 47.
-4
What is -12 + (3 - -31) - -3?
25
What is (4 - (10 - (10 + 7))) + 1?
12
-22 + 17 - (-12 - 2)
9
What is 31 + -3 + (-93 - -78)?
13
Calculate -14 - (0 - (5 - -5)).
-4
Calculate 7 + 6 + (-9 - 1) + 2 - 25.
-20
(0 + 7 - (-194 - -196)) + -25
-20
Calculate 2 + (-18 - -25) - (0 - 4).
13
What is the value of (11 - 6) + -9 + (-3 - -13 - -2)?
8
What is the value of (0 + -7 - (-12 - 5 - -6)) + -13?
-9
-1 - (-27 - 10 - (-11 + -1))
24
(-8 - -6 - 1 - 2) + -12
-17
What is the value of 2 - -6 - (234 + -217)?
-9
17 + (-12 - -17 - 8)
14
Calculate 42 + -28 + (-28 - -40).
26
Calculate -14 - (20 + -15 + -1 + 2 + 2).
-22
Calculate 7 - 19 - 0 - -17.
5
Evaluate 0 - (-7 - (-5 - (1 + -6))).
7
-17 - (0 + -4 - 5) - (0 + -6)
-2
-10 + -2 - (-35 - -33)
-10
Evaluate 5 - ((-12 - (4 - 2)) + (74 - 68)).
13
Evaluate -9 + -25 + 57 + 9.
32
Calculate 88 + -94 - (-14 - (2 - 3)).
7
Evaluate 22 - -7 - (49 + -29).
9
What is 6 + -8 + 6 + -4 + -2 + 21?
19
Calculate 1 + (-7 - 1) + 5 + 5 + 0.
3
What is the value of -2 - (-24 + -12 + 24)?
10
27 + -4 + (0 - (9 + -16 + 5))
25
Calculate -36 + (-11 - -19) + 2 - -17.
-9
What is the value of 9 + (-14 - 8) + 16?
3
What is (-1 - 22) + (2 - (-4 - (-22 + 8)))?
-31
What is 8 + (3 - 14) + (11 - -2)?
10
What is the value of 28 - (-36 + 17) - 34?
13
What is -19 + 0 - (-129 + 120)?
-10
(2 - (16 + -1 + 11)) + 10
-14
Evaluate -1 - -7 - (-3 + 6 + 2) - 13.
-12
What is 1 - ((0 - -9) + -6)?
-2
Evaluate (15 - (5 + 27) - -25) + 13.
21
What is (2 - 8 - -14) + -37 + 16?
-13
What is 4 + 12 + -9 + -1 + -2 + -9?
-5
Evaluate 4 - (2 + (-1 - -4) + -16 + 17).
-2
Evaluate -1 - (1 + -1) - (5 - 17 - -10).
1
Calculate 1 + 17 - (25 - 5).
-2
Evaluate (-1 - -19) + -12 - 17.
-11
What is the value of 18 + (-10 - (-7 + 1))?
14
8 + -14 + 0 + -5 - -3
-8
Evaluate 1 - -7 - (-1 + 17 + -14 + 0).
6
Evaluate 9 + (-13 + 1 - (-133 + 124)) + 7.
13
Evaluate ((5 - 1) + -1 - 4) + (11 - 7).
3
Calculate (17 - -22) + -19 + -2.
18
What is the value of -4 - (-16 + (4 - -5)) - 3?
0
What is 20 + -20 - (0 + 5)?
-5
What is 3 - 4 - (-10 + -4 + 15)?
-2
29 + 1 + 0 - (0 - (1 + -2))
29
(-1 - -9) + 124 + -122
10
11 - (3 - (-4 - (-9 + 2)))
11
(-8 - -1) + (-8 - (-12 + -4))
1
What is the value of -3 + -3 - (-2 - (-4 + 2 + -6))?
-12
What is the value of -18 + 4 - (43 + -55)?
-2
What is -15 - ((-22 - -11) + -9)?
5
What is the value of 1 - -17 - (-1 - (55 - 58))?
16
What is the value of -2 + -1 + (-23 - -15)?
-11
-7 + (-18 - -27) - (3 + -9 - 0)
8
Calculate 159 - 147 - (-3 - -1).
14
25 + (-6 - (22 + -22 - (2 + -2)))
19
Calculate (2 - (10 + (-3 - -7))) + 6.
-6
0 + (-2 - 1) - (-20 + 14) - -8
11
Evaluate -1 + 3 + (271 - 281).
-8
What is the value of (36 - 45) + 0 + 1?
-8
What is the value of (-7 - 1) + 3 + 3 + (-10 - -1)?
-11
Evaluate 13 + -12 + -15 + -9 - (1 - -2).
-26
Calculate -185 + 189 + (-8 - (-1 - -1)).
-4
What is the value of 1380 + -1372 - ((1 - (1 - 2)) + 40)?
-34
What is (-22 - -12 - -24) + -21?
-7
What is 6 - (0 - (-11 - -3))?
-2
Calculate 2 + -3 - ((1 - 9) + (-82 - -89)).
0
(-3 - (0 - -6 - 0)) + -8
-17
Calculate 42 + -38 + (3 + (3 - 5) - 18).
-13
What is the value of 9 - 13 - (-7 - (-1 - -1)) - 6?
-3
Evaluate 27 - (0 - (18 - 13)).
32
Evaluate -1 + 3 + 181 + -166.
17
Calculate 14 - (2 + (-6 - (1 - 1)) - -4).
14
What is (-2 - -19 - 23) + 0 + -2 + 5?
-3
What is the value of (-4 - (-5 - -7) - 3) + 10?
1
What is the value of 8 - (4 + -14 - -19 - 10)?
9
-291 + 271 - (-1 - 0)
-19
What is the value of 6 - (-9 - -6 - (4 + -6 + -10))?
-3
(19 - (26 + -12) - 8) + 29
26
Evaluate -1 - (4 - -2) - -5 - -6.
4
(36 - 35) + 19 + 18
38
What is (-58 + 50 - (-21 - -7)) + (-30 - 0)?
-24
Calculate 3 + 0 - (27 - 3) - (-4 - 0).
-17
Calculate -11 - ((-9 - 3) + 17).
-16
(-14 - -22) + 1 - 1 - 2
6
10 + 3 - (-9 - (-18 - -1))
5
Calculate (4 - 0) + (9 - 35) + 19 + -4.
-7
What is 5 + (-46 - -51) + (-13 - -1)?
-2
Evaluate 0 + -1 - (4 - (-14 + 22)).
3
Evaluate 33 + (3 + 10 - 44).
2
What is -7 - (13 - 14 - (12 - 0))?
6
What is -7 + (3 - 1) - (14 - 2)?
-17
Evaluate -10 - (14 - -1 - 25).
0
What is the value of -2 + (0 - -3) - (8 + 4 + -16)?
5
Evaluate -11 - (-13 + -13) - 14.
1
What is the value of (71 - (-3 + 34)) + -6?
34
What is -1 - (1 - 7 - ((-7 - -2) + -8))?
-8
What is the value of 1 + -14 - (305 + -326)?
8
What is -3 + (-1 + 1 - (-10 - -8)) + -6?
-7
What is (0 - (-2 - 9)) + 2 + 3 + -7?
9
What is the value of 39 + 34 + -68 - (0 - 3 - 23)?
31
Evaluate 42 + -26 + -19 - (3 + -3 + 4).
-7
What is the value of 20 + -33 - (-36 + 10)?
13
What is 12 - (-11 + 16 - 2 - (-2 - 1))?
6
-10 + (34 - (-9 - (-22 - -17)))
28
(-1 - -13) + (9 - (16 + 24))
-19
Calculate -2 + (2 - -1) + (-21 - (-32 + 36)).
-24
Calculate (1 - 1 - 4) + (8 - (4 + -8)).
8
Calculate (18 + -11 - 13) + -4.
-10
-67 - -55 - (3 - 25)
10
What is 0 - (-5 + -22 + (17 - 9) - -5)?
14
What is the value of 0 - (2 + (-3 - (-9 - -4)) - 1)?
-3
-14 - (3 + 27 - 19)
-25
What is the value of -3 + (-10 - -20 - (1 - -1))?
5
(1011 - 988) + (0 - 1)
22
Evaluate (7 - (59 - 43)) + -5.
-14
What is the value of (1 - 1) + -10 - (416 + -401)?
-25
What is (6 - -2 - (15 + -11) - 10) + -5?
-11
Evaluate -18 - 3 - (-15 + 27 - 22).
-11
What is the value of -512 - -523 - (-9 - -1)?
19
What is the value of (-2 - 4) + -60 + (-11 - -60)?
-17
Calculate 0 + 6 - (-626 - -628).
4
What is -24 - (-38 - -28 - (-5 + 0) - 2)?
-17
What is the value of 13 - (11 - ((-4 - -1) + 5 - -5))?
9
Calculate 4 + -7 - -7 - (1 + (5 - 9)).
7
-16 - -5 - 6 - (-15 + 5)
-7
Calculate 13 - 2 - (17 - -1).
-7
Calculate 7 - (13 - -8) - -1.
-13
What is the value of 8 + 66 + (-17 - 26)?
31
What is -10 + 0 - (61 + -43 + -18)?
-10
What is (-2 - -1 - 4) + 127 + -132?
-10
Calculate -2 - ((-16 - -1) + 10).
3
Calculate 0 - -36 - (2 + (66 - 59)).
27
What is the value of 2 + -1 + 5 - (-3 + 5 + -12)?
16
What is -603 - -604 - (-22 + 2)?
21
Evaluate 4 - (-6 + 15 + -16).
11
Calculate -23 + -2 + (131 - 78).
28
Evaluate 15 + (27 - (16 - -7)).
19
What is the value of 9 + 32 + -38 + 1 + -2?
2
Evaluate 5 + (26 - -5) - 4.
32
-2 - (13 - 13 - (0 + -1) - -1)
-4
What is -7 - -6 - -15 - (-14 + 13)?
15
What is -5 - 16 - -1 - 7 - (1 - 6)?
-22
What is the value of (-10 + -1 - -38) + (-4 - 6)?
17
What is the value of 16 - (7 + 9 - 15)?
15
1 + 2 + -1 - (-17 - -8)
11
Calculate 3 - (1 - 1) - (7 + (-5 - -9)).
-8
What is 10 + -18 + (9 - (-3 + 5))?
-1
What is (-20 + 44 - 23) + -10?
-9
What is the value of 2 + (-26 - 19) - (3 - 20)?
-26
Evaluate -7 + (45 - 24 - (1 + 6)).
7
What is -18 - (17 - (-29 - -95))?
31
35 - 5 - (130 + -89)
-11
Evaluate 9 + (-10 + -9 - -2) + -2 + 5.
-5
Calculate 31 - (4 + (-5 - -3)) - 11 - 0.
18
What is the value of 39 + -9 + -8 - 44?
-22
What is (-6 - -11 - -10) + -5?
10
Evaluate 2 - -16 - (-12 - -57).
-27
What is (-1 - -10) + (-1 - 3) + 2 - 18?
-11
Evaluate (8 - 1) + -6 - 5 - 2.
-6
213 - 228 - (2 - 29)
12
What is 37 + (-12 - (-15 + 2 + 14))?
24
Calculate (-4 - 2) + (10 - -2 - 9).
-3
What is -8 + 1 - (-233 - -218)?
8
Evaluate 8 - (8 - 3) - (7 + -14).
10
-24 + (2 + -7 - (-8 - -3) - -3)
-21
Calculate (3 - (3 + 6)) + (13 + 2 - 1